303. Let j = 22 + l. What are the prime factors of j?
3, 5, 23
Let i = -7716 + 18621. What are the prime factors of i?
3, 5, 727
Suppose n - 4*t = 5*n - 2596, -5*n - t = -3261. Suppose -z - s + n = -50, 4*s = 3*z - 2130. What are the prime factors of z?
2, 353
Let g = -295 - -286. List the prime factors of 2/6 - (86790/g)/11.
877
Let d be (595 - -2)*23/(-69). Let r = 418 + d. List the prime factors of r.
3, 73
Let t(z) = -z**3 - 16*z**2 - 26*z + 30. Let w be t(-14). List the prime factors of w*-7*(-3 + (-255)/21).
2, 53
Let n(l) = -l**2 + 12*l - 7. Let r be n(11). Let a be (r + -5 - -25) + 3. Suppose 0 = -5*o + 78 + a. List the prime factors of o.
3, 7
Let p(z) = 990*z**2 + 34*z + 85. What are the prime factors of p(-4)?
3, 19, 277
Let o(m) = -1. Let d(q) = -2*q + 10. Let v(b) = b**3 + 7*b**2 - b - 6. Let w be v(-7). Let l(z) = w*d(z) - 2*o(z). List the prime factors of l(-11).
2, 17
Let s(f) be the second derivative of f**3/6 + f**2 + f. Let h be s(-2). Suppose -j = -0 + 2, h = 2*a - j - 270. What are the prime factors of a?
2, 67
Let l(b) = -65*b - 368. Suppose 26*k - 31*k - 65 = 0. What are the prime factors of l(k)?
3, 53
Suppose -101*m + 1411000 - 84070 = 177550. What are the prime factors of m?
2, 5, 569
Suppose 0 = -5*w - 10, 0 = 4*u + w + 4*w - 6. What are the prime factors of 4734/30 + u*4/80?
2, 79
Let g(r) = -4*r - 4. Let f be g(-1). Suppose f = -7*j + 6*j. Suppose j = 4*b - 16*b + 252. List the prime factors of b.
3, 7
Let x(c) = -7*c**2 - 5 + 6 - 9*c + 10*c**3 - 11*c**3. Let y be x(-5). What are the prime factors of (y/(-10))/(3 - (-2337)/(-780))?
2, 13
Suppose 0 = 6*a - 2*a - 14*a + 99300. List the prime factors of a.
2, 3, 5, 331
Suppose 48*a - 52*a = -97596. What are the prime factors of a?
3, 2711
Let j(m) = -m**3 - 10*m**2 - 16*m + 5. Let q be j(-8). Suppose 4*p - 3*r - 1901 = -8*r, -5 = -q*r. What are the prime factors of p?
2, 3, 79
Let i be ((-16)/(-20))/((-12)/30). Let q(v) = -140*v + 32. List the prime factors of q(i).
2, 3, 13
Let y = 52 - 47. Suppose 8 = 5*s - 3*c, -y*s + 9 = 4*c - 27. What are the prime factors of (s + -5)/((-3)/315)?
3, 5, 7
Let b(i) = -i**2 - i - i + 23 - i. Suppose 0 = 8*p - 5*r + 33, 4*p - 2*r + 721 - 703 = 0. List the prime factors of b(p).
5
Suppose 5*a - 7*c = -2*c + 77400, -2*a + 4*c + 30970 = 0. What are the prime factors of a?
5, 619
Suppose -5*r + 8 = 2*g, 4*r + 17 + 3 = 5*g. Suppose c - 665 = 2*b, r = -c - 3*b + 663 - 23. What are the prime factors of c?
5, 131
Let g(s) = -24*s - 165. Let n be g(-9). What are the prime factors of -4 + (-17)/(n/(-3480))?
2, 17
Let v = -670 - -293. Let w = 609 + v. List the prime factors of w.
2, 29
Suppose 42*n - 45*n = 7*a - 480899, -2*a + 137356 = -4*n. List the prime factors of a.
2, 31, 277
Suppose 5*s = 6*s + 4*o, -2*o = 2*s - 6. Suppose -4*x - 1360 = -8*x + 5*r, -1348 = -s*x + 2*r. List the prime factors of x.
5, 67
Let f be 13 + (-4)/((-4)/(4 + -8)). Let q(a) = 14*a - 44. What are the prime factors of q(f)?
2, 41
Suppose -5*x - 3*v = -2*v - 49806 + 10211, 4*v = 0. List the prime factors of x.
7919
Suppose 66 = 2*b - 0*b + 4*a, -4*a = -b + 57. Let r(v) = v**3 - 38*v**2 - 110*v + 41. What are the prime factors of r(b)?
2, 7, 41
What are the prime factors of (-168)/18 + 10 + (-50216)/(-6)?
2, 3, 5, 31
Let u(i) = -21*i + 109. Suppose 0 = -7*q - 109 - 80. What are the prime factors of u(q)?
2, 13
Suppose 181835 = 17977*i - 17972*i. What are the prime factors of i?
41, 887
Suppose 5*f + 2*a = -a + 3, -2*a + 7 = 5*f. Suppose -3*p - 115 + 1243 = 2*b, 5*b + 1128 = f*p. List the prime factors of p.
2, 47
Suppose 0*x = 3*x. Suppose x = -z + 116 + 50. What are the prime factors of z?
2, 83
Let d(j) = -j**2 - 13*j + 3. Let g(z) = z - 1. Let c(h) = -d(h) - 5*g(h). Let v be c(-7). List the prime factors of ((-4)/v)/(2/40).
2
Let s(h) = h**3 - 5*h**2 + 8*h - 25. Let y be s(4). What are the prime factors of y/(-6)*(-5 - (-697)/3)?
11, 31
Let h(f) = -19*f + 81. Let y(m) = -5*m + 20. Let z(b) = -6*h(b) + 26*y(b). Let p(u) = -u**2 + 8*u + 1. Let w be p(9). List the prime factors of z(w).
2, 3
Let y = -134 + 140. Suppose -5*d + 31 = 2*m, -2*d - 2 = 2*m - 6*m. Suppose -m*w = -y*w + 312. List the prime factors of w.
2, 13
Let r = 329 + 3039. What are the prime factors of r?
2, 421
Let k be 3*(4/(-16) - (-86)/24). Suppose -27*m + 2363 = -k*m. What are the prime factors of m?
139
Suppose 4*x + 12 = -4*o + 4, 5*o = 0. Let l(v) = v**3 + v**2 - 6*v - 4. Let c be l(x). List the prime factors of 196/(-16)*(0 - c).
7
Let r be (6/(-5))/(12/30). What are the prime factors of (-10809)/(-36) + r/(14 + -2)?
2, 3, 5
Suppose -u - 2*p = 20, 4*u - 4*p = -0*p - 104. List the prime factors of (-4372)/u + (-9)/54.
2, 7, 13
Let u be (-5)/20 - 84/(-16). Suppose -u*p - 4*f + 3906 = 0, 12*p - 8*p - 3104 = 2*f. List the prime factors of p.
2, 389
Let q be (-4)/((-8)/6) + 4. List the prime factors of (-1 + -7)/(-2) - (-1484)/q.
2, 3
What are the prime factors of 57878/12*2 + (-9)/(-297)*-11?
2, 7, 13, 53
Suppose -4*q + 45870 = 2*u, 2*u - 277*q + 279*q = 45886. List the prime factors of u.
59, 389
Let r(g) = 6*g**2 - 28*g - 48. Suppose 4*u - 21 = -v, -3*u + 2 = -2*v + 22. List the prime factors of r(v).
2, 7, 43
Suppose 4*y = 20, 0 = 2*h + 4*y - 4136 + 268. Suppose -a - 2*s = -3*a + 1304, -5*s = 3*a - h. List the prime factors of a.
2, 3
What are the prime factors of (-1 + 20524/8 + -8)/(2/36)?
3, 5113
Suppose 43*q - 30*q = 48*q - 1031030. What are the prime factors of q?
2, 11, 13, 103
What are the prime factors of (140/42 + -2)/((-8)/(-61458))?
10243
Suppose -7*q + 17252 + 43486 = -30815. List the prime factors of q.
11, 29, 41
Suppose -5*i + 4*j + 107 = 0, 17*i + 98 = 22*i - j. Suppose -i*l + 2441 = -8997. What are the prime factors of l?
2, 7, 43
Let y = 164 - 115. Suppose y = a + 12. List the prime factors of a.
37
Suppose -1076 = 104*o - 108*o. Let w be (12/(-8))/(3/(-6)). Suppose 0 = -t - t - 5*h + 167, 4*t - w*h = o. What are the prime factors of t?
71
Suppose 3*v + 128 = 137. Suppose v*t - 12*z + 11*z = 929, -3*t = -5*z - 925. List the prime factors of t.
2, 5, 31
Let p = -140 - -144. Suppose -p*f - 6*f + 7490 = 0. List the prime factors of f.
7, 107
Suppose 2*g + 2*q + 2 + 2 = 0, 4*q = -g - 14. Let f(c) = -c**3 - 3. Let l be f(-4). Suppose -g*v + v = -l. List the prime factors of v.
61
Suppose -2*v + 2751 + 1857 = b, -3*v + 6919 = 5*b. List the prime factors of v.
7, 47
Suppose 44*y = 49*y - 15. Suppose -4174 = -y*p - 2*j, 7*p - 2*j - 5556 = 3*p. List the prime factors of p.
2, 5, 139
Let l be 2/21 + ((-4)/(-21))/(-2). Suppose 779 = u + 3*v, -u - 5*v + 1003 - 230 = l. What are the prime factors of u?
2, 197
Suppose 524*y - 4972 = -2*d + 527*y, 4*d - 3*y = 9938. What are the prime factors of d?
13, 191
Let c(k) = -k**3 + 10*k**2 - 23*k + 21. Let p be c(5). Suppose -1438 = -p*h + 21719. What are the prime factors of h?
3, 83
Let u(n) = -n**2 + 10*n + 31. Let v be u(12). Suppose 0 = v*t - 2*t - 10. Suppose -2*d - 5*s + 0*s + 360 = 0, t*d - 360 = 5*s. What are the prime factors of d?
2, 3, 5
Let n = -1813 - 122. Let z = 3400 + n. List the prime factors of z.
5, 293
Let l(w) = 16*w**2 - 6*w - 8. Let p(t) = 30*t**2 - 12*t - 15. Let i(q) = -5*l(q) + 3*p(q). What are the prime factors of i(-3)?
103
Suppose 7 = d, -12*s - 70840 = -14*s + 2*d. What are the prime factors of s?
3, 7, 241
Let j(u) = -723*u - 8 + 4 - 1 + 7. What are the prime factors of j(-1)?
5, 29
Let d = 87 + -87. Suppose 0 = -h - 2*u + 10, d*h - 3*h = -4*u + 10. Suppose 206 = 4*p - h*i - 464, -3*p + 498 = -3*i. What are the prime factors of p?
13
Suppose -30 = 4*l - 10. List the prime factors of 9 + l + 4/(8/1398).
19, 37
Let q(j) = 2*j**3 + 3*j**2 - 3*j + 3. Let d be q(-3). Let b be ((-10)/d)/((-4)/54). Let l = 105 + b. What are the prime factors of l?
2, 3
Let z = -1 - -13. What are the prime factors of 2530/z - 43/(-258)?
211
List the prime factors of (-79862748)/(-2940) - (-1)/(10/8).
3, 5, 1811
Let k(c) = -2*c**3 - 8*c**2 + 250*c + 122. List the prime factors of k(-20).
2, 17, 233
Suppose 0*z - 3*z + 20 = 4*b, 4*b - 8 = 0. Suppose -z*h + 0*h + 9300 = -5*r, 4*r = -5*h + 11625. Suppose 0 = -7*v + h - 589. What are the prime factors of v?
2, 31
Let f(l) = l**2 + 16*l + 24. Let w be f(-14). Let c be w/6 - 392/(-21). Let k = c 